d**2 - 20 + 1/3*d**3 - d. Calculate f(n).
-1
Let s(p) be the second derivative of p**4/12 + 2*p**3/3 + 15*p**2/2 - 3131*p. Calculate s(-5).
20
Let r(t) = -t**2 - 4*t - 2. Let l(f) = -f**2 + 20*f - 18. Let x be l(19). Let m be (1 - x)/(-18 + 17). Suppose 12*y - 17*y - 30 = m. Give r(y).
-14
Let f(i) be the first derivative of -i**4/4 + 5*i**3/3 - 3*i**2/2 + 3*i - 1. Let d = 13198 - 13195. What is f(d)?
12
Let f(v) be the third derivative of -v**6/30 - v**5/15 - v**4/24 + v**3/3 + 391*v**2 - 2*v + 1. Suppose 0 = -4*b - 15 + 7. Give f(b).
20
Let h(z) = z**3 + 8*z**2 + 8*z + 8. Let c be h(-7). Suppose -5*o = -5*q + 95, 5*q - 37 = -4*o + 49. Let g(i) = 42*i**3 - 18*i**3 - q*i**3. Calculate g(c).
6
Let r(o) be the third derivative of -o**5/60 + 3*o**4/8 + 19*o**3/6 + 2*o**2 + 596. Calculate r(8).
27
Let z(x) = -2*x**3 + 37*x**2 - 18*x + 8. Let s(m) = -m**3 + 19*m**2 + 37*m - 322. Let p be s(20). Calculate z(p).
8
Let y(i) be the first derivative of -i**3 + i + 3. Let p(l) = 3*l - 10*l + 1 + l + l**2 + 3*l. Let d be p(0). Calculate y(d).
-2
Let w(q) be the first derivative of -q**3/3 + 9*q - 2518. Give w(12).
-135
Let o = -7 + 16. Let z be -2 - (-1 - 1) - (o + -12). Let s(d) = -d + d + d + z*d. Give s(-2).
-8
Let i(r) = -5*r - 2. Let f = 194 - 181. Let k be 2/(-6)*39/f. What is i(k)?
3
Suppose 0 = -2202*o + 1790*o + 1648. Let i(s) = 4*s + 9. What is i(o)?
25
Suppose -8436*g = -8412*g + 96. Let a(c) = 12*c + 13. Calculate a(g).
-35
Let c(t) = 35*t - 1. Let r be c(1). Let a be (r/51)/((-2)/9). Let l(j) = -j**2 - 3*j + 1 + j + 2. Give l(a).
0
Let f(j) = j**3 - 6*j**2 - 10*j - 6. Suppose -680 = -5*h - 5*x - 650, -3*h = -x - 26. Give f(h).
42
Let j(z) = z**3 - 11*z**2 + 3*z + 1. Let l = 735 - 725. Give j(l).
-69
Let a(q) = 3*q**3 - 3*q**2 - 5. Let u be 4/6*4 - 90/135. Determine a(u).
7
Suppose 0 = -6*g + 10*g - 20. Suppose -g*f - 3*l = -21, -f - 3 = -4*f - 5*l. Let n(b) = 2*b**2 + 1 - 2*b - 5*b + b**2 - 2*b**2. Calculate n(f).
-5
Suppose -35*u = -36*u - 1. Let t be (u + -1)*((-5)/2 - -2). Let o(h) be the first derivative of 3*h**4 - h**2/2 - 47. Give o(t).
11
Suppose 4*t + 5*d = -0*d + 94, 2*t - d - 54 = 0. Let w = 27 - t. Let y(p) = -2*p - 2*p + 12*p - w. Calculate y(-1).
-9
Let c be 651/(-28) - (-65)/26*1/2. Let w(b) = 35*b + 772. Give w(c).
2
Let r(z) = 4852305*z - 27 - z**3 - 4852305*z. Calculate r(0).
-27
Let l(r) = 6*r**3 + r**2 - 2*r + 1. Let c(j) = 30*j - 179. Let m be c(6). Calculate l(m).
6
Suppose -10 = -2*t + 5*y, 0 = 5*t - 10*t - 5*y + 25. Let z(x) = 9*x - 4*x + t + 0*x - 4*x. What is z(-4)?
1
Let v(f) be the first derivative of f**3/3 + 15*f**2 + 225*f + 6798. Calculate v(-16).
1
Suppose 5*l = 3*l + 10. Let r(v) be the second derivative of -7*v**3/6 + v**2/2 + 5885*v - 2. Give r(l).
-34
Let b(a) = 3*a**2 - 4*a + 2. Suppose 4*f - l - 72 = -28, 2 = -f - 3*l. Suppose -9 = -2*n - 5*y, -4*y = -5*n + f*n - 14. What is b(n)?
6
Let k(g) = g + 16. Suppose -4*q - 522 = -582. Suppose 0 = 17*z - q*z + 22. Determine k(z).
5
Let d(q) = 22*q**3 - 72*q**2 - 72*q + 100. Let f(j) = 5*j**3 - 17*j**2 - 17*j + 25. Let k(s) = 2*d(s) - 9*f(s). What is k(10)?
-35
Suppose l - 28 + 28 = 0. Suppose l = 16*v - 12*v + 36. Let b(t) = 7*t + 9. Let q(o) = 15*o + 20. Let m(i) = v*b(i) + 4*q(i). Determine m(2).
-7
Let k(b) be the second derivative of b**5/60 - 7*b**4/24 - 13*b**3/6 - 31*b**2 + 38*b. Let u(o) be the first derivative of k(o). What is u(9)?
5
Suppose m - 7 = 5*v, 2*m - 8 = -5*v + 9*v. Let p be (-6 + v - -2) + 15. Let n(l) = l - 8. Determine n(p).
2
Let h(b) = b**2 - 9*b - 18. Suppose 0 = -4*j + j + 33. Let y be h(j). Let u be (y/8*2)/(-1). Let t(r) = r**2 - r - 1. Calculate t(u).
1
Let t(i) = -4*i**2 + i + 1. Suppose -6*x = 7 - 31. Suppose -y = -s, -6*s - y + x = -5*s. What is t(s)?
-13
Let i be 1*(-1 - 1)*(-3 + -1). Suppose -13*u + i*u = -445. Let q = -92 + u. Let b(p) = 3*p - 2. Give b(q).
-11
Let k(w) be the third derivative of w**5/12 + 13*w**4/24 + 5*w**3 - 5040*w**2 + 2. Give k(-3).
36
Let q(h) = 3*h + 51. Suppose -36*g - 573 = 158 - 191. Determine q(g).
6
Let l(j) = -7*j + 151. Let o = -17930 - -17951. What is l(o)?
4
Let x(t) = -685 + 234 - 118*t + 239*t - 112*t. What is x(50)?
-1
Let q(m) = -7*m**3 - 8*m**2 + 11*m - 2. Let c(l) = -l**2 - 22*l - 111. Let z be c(-8). What is q(z)?
-6
Suppose -3*a - q = -66 - 35, -2*q = 8. Suppose -5*z + 5*i - a = 0, z - 5*z + i = 22. Let l(g) = -2*g**2 - 8*g - 3. Determine l(z).
-13
Suppose 3*x - 69 = 2*x - 2*q, 4*q = 8. Let t = -70 + x. Let u = -1 - t. Let i(o) = -o**3 + 4*o**2 + 5*o - 2. What is i(u)?
18
Let x(t) = -25*t**2 + 7*t - 6. Let p(b) = b**3 - 15*b**2 + 6*b - 5. Let y(c) = -3*p(c) + 2*x(c). Give y(3).
-135
Let d(q) = 263*q - 533*q + 2*q**3 + 270*q. Calculate d(1).
2
Let z(g) = 6*g**2 + 39*g - 15. Suppose 5*j + 2*x + 460 = 417, 0 = -3*j + 4*x - 5. Give z(j).
6
Let f(a) = -8*a + 3. Let c be f(0). Let u(y) = 1 - 4*y - 5 + c*y + 2 - 3. What is u(3)?
-8
Let j(l) = l**3 + 4*l**2 - 6*l - 4. Let k be (10/(-6))/(9 - (-208)/(-24)). Determine j(k).
1
Let n(x) = -4*x**2 + 4*x - 2. Let m(i) = 5*i + 7 + 0*i**2 - 3*i**2 + 4 - 12. Let l = 14 + -11. Let s(d) = l*m(d) - 2*n(d). Calculate s(3).
13
Suppose 4*l = 4*i, 0*l = 2*l + i - 9. Let u(x) = x**2 - 8*x - 5. Let t be u(9). Let g(o) = 92 + 6*o - 96 - t*o. Give g(l).
2
Let a(k) be the second derivative of -k**4/4 - 15*k**3 + 91*k**2/2 - 1883*k. What is a(-31)?
-2
Let s(o) = -75 - 36 + 96 + 7*o - 13*o - 34. Calculate s(-15).
41
Let f = -81 + 131. Suppose -4*l - l - f = 0. Let o(i) = i**3 + 10*i**2 - i - 11. Give o(l).
-1
Let s(j) = -7*j + 124. Let w(p) = 21*p - 372. Let v(n) = 11*s(n) + 4*w(n). What is v(17)?
-5
Let l = -33 - -30. Let w(r) be the second derivative of -1/6*r**4 + 0 + 19*r + 1/2*r**3 - 2*r**2 - 1/20*r**5. Calculate w(l).
-4
Let d be (-1 + -2)*(-3)/(-9). Let a(x) = -20*x**2 - 75*x - 13. Let l(y) = 11*y**2 + 40*y + 7. Let v(w) = 8*a(w) + 15*l(w). Calculate v(d).
6
Suppose 5*l + 14 = g - 3, 0 = -5*g + 3*l + 19. Let i(k) = 19*k - 35. What is i(g)?
3
Let z(m) = -8. Let n(x) = -x + 1. Let k(a) = 3*n(a) + z(a). Let h(y) = -y - 22. Let j be h(-26). Suppose -v + j = -4*f + 3*v, f + 4*v = 24. Determine k(f).
-17
Let b(s) = -302 + 84 + 221 - 12*s. Let z(f) = -f + 15. Let w be z(12). Determine b(w).
-33
Let j = -33323 - -33317. Let g(w) = -141*w - 849. What is g(j)?
-3
Let r(v) be the third derivative of -v**5/60 + v**4/12 - v**3/3 - v**2. Suppose -526*t - 56 = -188 - 394. What is r(t)?
-1
Let q(k) = -41*k**2 + 113*k + 2. Let r(s) = -41*s**2 + 141*s + 2. Let y(l) = 5*q(l) - 4*r(l). What is y(-1)?
-40
Let u(c) = c**3 - 37*c**2 + 34*c + 82. Let k be u(36). Let g be -5*4/k*1. Let b(q) = q - 1 + 4 - 2. Calculate b(g).
-1
Let o(r) be the third derivative of r**6/60 + r**5/20 - r**4/12 - r**3/3 + 24*r**2 + 61. What is o(2)?
22
Let q(u) = -u**2 - 9*u + 103. Let w = -10571 - -10577. Give q(w).
13
Let q(f) = -2*f**2 + 30*f - 21. Let l be q(14). Let c(s) = -s + 4*s - l*s + 0*s. Determine c(3).
-12
Let o = -124 - -172. Suppose 0 = -7*b + o - 104. Let r(j) = -j**3 - 7*j**2 + 6*j - 6. Give r(b).
10
Suppose 0 = 85*c - 87*c + 4*i + 18, -3*i - 3 = 2*c. Let b(x) be the second derivative of 1/6*x**c + 1/20*x**5 - 22*x - 1/4*x**4 + 0 + 1/2*x**2. Determine b(2).
-1
Suppose 2*y - y = 43. Suppose 10*u - y = 17. Let i(s) = -s**2 + 8*s - 5. Calculate i(u).
7
Let v(c) = c + 8. Let n be v(-6). Suppose 4*g + 8 = -k, 5*g + k = 4*g - n. Let f(l) = l**2 + 2. Determine f(g).
6
Let d(x) = -3*x**3 - 8*x**2 - 4*x - 6. Let h(l) = 14 + 11*l + 5*l**3 + 5*l**3 - 13*l**2 + 38*l**2 + 5. Let n(a) = 7*d(a) + 2*h(a). Give n(-5).
1
Let a(u) = 604*u + 47. Let r(f) = 213*f + 15. Let q(w) = -6*a(w) + 17*r(w). What is q(-3)?
-18
Let q(j) = -4*j**3 + 20*j**2 + 3. Let v be q(5). Let r(t) be the second derivative of 0 - 1/20*t**5 + 16*t - t**2 - 5/12*t**4 - 5/6*t**v. Give r(-3).
-5
Let a(x) = 19*x**3 - 47*x**2 + 113*x - 10. Let b(p) = -12*p**3 + 31*p**2 - 76*p + 6. Let d(h) = -5*a(h) - 8*b(h). Calculate d(8).
26
Let a(z) = 8*z**2 + 19*z - 4. Let x be a(-3). Suppose -1 = -x*c + 65. Let g(d) = d**2 - 2*d - 1. Calculate g(c).
23
Let b(u) = 3*u**2 - u - 1. Suppose 19*q + 19 = -38. Let l(f) = -2*f**2 - 1. Let r(h) = q*b(h) - 4*l(h). Determine r(6).
-11
Let o(a) = 7*a + 11*a - 26*a + 13*a + 2*a**2 - 3. Let v(w) = -w**2 - 3*w +